{"id":15,"date":"2023-05-16T12:42:52","date_gmt":"2023-05-16T12:42:52","guid":{"rendered":"https:\/\/rakennusajalin.fi\/index.php\/our-story\/"},"modified":"2023-06-21T09:04:18","modified_gmt":"2023-06-21T09:04:18","slug":"meista","status":"publish","type":"page","link":"https:\/\/rakennusajalin.fi\/index.php\/meista\/","title":{"rendered":"Meist\u00e4"},"content":{"rendered":"\t\t<div data-elementor-type=\"wp-page\" data-elementor-id=\"15\" class=\"elementor elementor-15\">\n\t\t\t\t\t\t<section class=\"elementor-section elementor-top-section elementor-element elementor-element-51c31364 elementor-section-full_width elementor-section-content-top elementor-section-height-default elementor-section-height-default\" data-id=\"51c31364\" data-element_type=\"section\" data-e-type=\"section\">\n\t\t\t\t\t\t<div class=\"elementor-container elementor-column-gap-no\">\n\t\t\t\t\t<div class=\"elementor-column elementor-col-50 elementor-top-column elementor-element elementor-element-592fedf7\" data-id=\"592fedf7\" data-element_type=\"column\" data-e-type=\"column\">\n\t\t\t<div class=\"elementor-widget-wrap elementor-element-populated\">\n\t\t\t\t\t\t<div class=\"elementor-element elementor-element-53f9eeab elementor-widget elementor-widget-image\" data-id=\"53f9eeab\" data-element_type=\"widget\" data-e-type=\"widget\" data-widget_type=\"image.default\">\n\t\t\t\t<div class=\"elementor-widget-container\">\n\t\t\t\t\t\t\t\t\t\t\t\t\t\t\t<img fetchpriority=\"high\" decoding=\"async\" width=\"2048\" height=\"1367\" src=\"https:\/\/rakennusajalin.fi\/wp-content\/uploads\/2023\/06\/exterior_7k_netti.jpg\" class=\"attachment-full size-full wp-image-154\" alt=\"\" srcset=\"https:\/\/rakennusajalin.fi\/wp-content\/uploads\/2023\/06\/exterior_7k_netti.jpg 2048w, https:\/\/rakennusajalin.fi\/wp-content\/uploads\/2023\/06\/exterior_7k_netti-300x200.jpg 300w, https:\/\/rakennusajalin.fi\/wp-content\/uploads\/2023\/06\/exterior_7k_netti-1024x684.jpg 1024w, https:\/\/rakennusajalin.fi\/wp-content\/uploads\/2023\/06\/exterior_7k_netti-768x513.jpg 768w, https:\/\/rakennusajalin.fi\/wp-content\/uploads\/2023\/06\/exterior_7k_netti-1536x1025.jpg 1536w\" sizes=\"(max-width: 2048px) 100vw, 2048px\" \/>\t\t\t\t\t\t\t\t\t\t\t\t\t\t\t<\/div>\n\t\t\t\t<\/div>\n\t\t\t\t\t<\/div>\n\t\t<\/div>\n\t\t\t\t<div class=\"elementor-column elementor-col-50 elementor-top-column elementor-element elementor-element-c719100\" data-id=\"c719100\" data-element_type=\"column\" data-e-type=\"column\">\n\t\t\t<div class=\"elementor-widget-wrap elementor-element-populated\">\n\t\t\t\t\t\t<div class=\"elementor-element elementor-element-fe6e6d9 elementor-widget elementor-widget-heading\" data-id=\"fe6e6d9\" data-element_type=\"widget\" data-e-type=\"widget\" data-widget_type=\"heading.default\">\n\t\t\t\t<div class=\"elementor-widget-container\">\n\t\t\t\t\t<h6 class=\"elementor-heading-title elementor-size-default\">kotien ja toimitilojen<\/h6>\t\t\t\t<\/div>\n\t\t\t\t<\/div>\n\t\t\t\t<div class=\"elementor-element elementor-element-4fb62934 elementor-invisible elementor-widget elementor-widget-heading\" data-id=\"4fb62934\" data-element_type=\"widget\" data-e-type=\"widget\" data-settings=\"{&quot;_animation&quot;:&quot;fadeInDown&quot;}\" data-widget_type=\"heading.default\">\n\t\t\t\t<div class=\"elementor-widget-container\">\n\t\t\t\t\t<h2 class=\"elementor-heading-title elementor-size-default\">luotettava rakentaja<\/h2>\t\t\t\t<\/div>\n\t\t\t\t<\/div>\n\t\t\t\t<section class=\"elementor-section elementor-inner-section elementor-element elementor-element-4c3f3aae elementor-section-boxed elementor-section-height-default elementor-section-height-default\" data-id=\"4c3f3aae\" data-element_type=\"section\" data-e-type=\"section\">\n\t\t\t\t\t\t<div class=\"elementor-container elementor-column-gap-no\">\n\t\t\t\t\t<div class=\"elementor-column elementor-col-100 elementor-inner-column elementor-element elementor-element-7996d56\" data-id=\"7996d56\" data-element_type=\"column\" data-e-type=\"column\">\n\t\t\t<div class=\"elementor-widget-wrap elementor-element-populated\">\n\t\t\t\t\t\t<div class=\"elementor-element elementor-element-5efcecef elementor-widget__width-initial elementor-widget elementor-widget-image\" data-id=\"5efcecef\" data-element_type=\"widget\" data-e-type=\"widget\" data-widget_type=\"image.default\">\n\t\t\t\t<div class=\"elementor-widget-container\">\n\t\t\t\t\t\t\t\t\t\t\t\t\t\t\t<img decoding=\"async\" width=\"1365\" height=\"2048\" src=\"https:\/\/rakennusajalin.fi\/wp-content\/uploads\/2023\/06\/Prime-House-Sinitiaisentie-29b-8.jpg\" class=\"attachment-full size-full wp-image-153\" alt=\"\" srcset=\"https:\/\/rakennusajalin.fi\/wp-content\/uploads\/2023\/06\/Prime-House-Sinitiaisentie-29b-8.jpg 1365w, https:\/\/rakennusajalin.fi\/wp-content\/uploads\/2023\/06\/Prime-House-Sinitiaisentie-29b-8-200x300.jpg 200w, https:\/\/rakennusajalin.fi\/wp-content\/uploads\/2023\/06\/Prime-House-Sinitiaisentie-29b-8-683x1024.jpg 683w, https:\/\/rakennusajalin.fi\/wp-content\/uploads\/2023\/06\/Prime-House-Sinitiaisentie-29b-8-768x1152.jpg 768w, https:\/\/rakennusajalin.fi\/wp-content\/uploads\/2023\/06\/Prime-House-Sinitiaisentie-29b-8-1024x1536.jpg 1024w\" sizes=\"(max-width: 1365px) 100vw, 1365px\" \/>\t\t\t\t\t\t\t\t\t\t\t\t\t\t\t<\/div>\n\t\t\t\t<\/div>\n\t\t\t\t<div class=\"elementor-element elementor-element-32664070 elementor-widget__width-initial animated-slow elementor-invisible elementor-widget elementor-widget-image\" data-id=\"32664070\" data-element_type=\"widget\" data-e-type=\"widget\" data-settings=\"{&quot;_animation&quot;:&quot;fadeInUp&quot;}\" data-widget_type=\"image.default\">\n\t\t\t\t<div class=\"elementor-widget-container\">\n\t\t\t\t\t\t\t\t\t\t\t\t\t\t\t<img decoding=\"async\" width=\"1365\" height=\"2048\" src=\"https:\/\/rakennusajalin.fi\/wp-content\/uploads\/2023\/06\/Prime-House-Sinitiaisentie-9.jpg\" class=\"attachment-full size-full wp-image-155\" alt=\"\" srcset=\"https:\/\/rakennusajalin.fi\/wp-content\/uploads\/2023\/06\/Prime-House-Sinitiaisentie-9.jpg 1365w, https:\/\/rakennusajalin.fi\/wp-content\/uploads\/2023\/06\/Prime-House-Sinitiaisentie-9-200x300.jpg 200w, https:\/\/rakennusajalin.fi\/wp-content\/uploads\/2023\/06\/Prime-House-Sinitiaisentie-9-683x1024.jpg 683w, https:\/\/rakennusajalin.fi\/wp-content\/uploads\/2023\/06\/Prime-House-Sinitiaisentie-9-768x1152.jpg 768w, https:\/\/rakennusajalin.fi\/wp-content\/uploads\/2023\/06\/Prime-House-Sinitiaisentie-9-1024x1536.jpg 1024w\" sizes=\"(max-width: 1365px) 100vw, 1365px\" \/>\t\t\t\t\t\t\t\t\t\t\t\t\t\t\t<\/div>\n\t\t\t\t<\/div>\n\t\t\t\t\t<\/div>\n\t\t<\/div>\n\t\t\t\t\t<\/div>\n\t\t<\/section>\n\t\t\t\t\t<\/div>\n\t\t<\/div>\n\t\t\t\t\t<\/div>\n\t\t<\/section>\n\t\t\t\t<section class=\"elementor-section elementor-top-section elementor-element elementor-element-359fc1f elementor-section-full_width elementor-section-height-default elementor-section-height-default\" data-id=\"359fc1f\" data-element_type=\"section\" data-e-type=\"section\">\n\t\t\t\t\t\t<div class=\"elementor-container elementor-column-gap-no\">\n\t\t\t\t\t<div class=\"elementor-column elementor-col-50 elementor-top-column elementor-element elementor-element-205b61\" data-id=\"205b61\" data-element_type=\"column\" data-e-type=\"column\">\n\t\t\t<div class=\"elementor-widget-wrap elementor-element-populated\">\n\t\t\t\t\t\t<div class=\"elementor-element elementor-element-691bb3b8 elementor-widget elementor-widget-heading\" data-id=\"691bb3b8\" data-element_type=\"widget\" data-e-type=\"widget\" data-widget_type=\"heading.default\">\n\t\t\t\t<div class=\"elementor-widget-container\">\n\t\t\t\t\t<h2 class=\"elementor-heading-title elementor-size-default\">meid\u00e4n tarina<\/h2>\t\t\t\t<\/div>\n\t\t\t\t<\/div>\n\t\t\t\t<div class=\"elementor-element elementor-element-4123afe1 elementor-widget elementor-widget-text-editor\" data-id=\"4123afe1\" data-element_type=\"widget\" data-e-type=\"widget\" data-widget_type=\"text-editor.default\">\n\t\t\t\t<div class=\"elementor-widget-container\">\n\t\t\t\t\t\t\t\t\t<p>Viimeistelty ammattity\u00f6, yhteisty\u00f6n taito ja aikataulujen kunnioitus ovat yrityksemme pitk\u00e4n tarinan paaluttajia. Vuodesta 1979 alkaen olemme rakentaneet uusia koteja kymmenille asiakkaillemme p\u00e4\u00e4kaupunkiseudulla. Olemme my\u00f6s remontoineet monia kymmeni\u00e4 koteja nykyvaatimuksia vastaaviksi ja uusille asukkailleen mieluisiksi.<\/p>\n<p>Tervetuloa tutustumaan n\u00e4ill\u00e4 sivuillamme viime vuosien aikana rakentamiimme koteihin ja toimitiloihin; t\u00e4\u00e4lt\u00e4 l\u00f6yd\u00e4t my\u00f6s seuraavaksi valmistuvia ja suunnitteilla olevia kohteita. Kun haluat lis\u00e4tietoa meist\u00e4, jostakin kohteestamme tai kumppanuudesta, otathan yhteytt\u00e4!<\/p>\t\t\t\t\t\t\t\t<\/div>\n\t\t\t\t<\/div>\n\t\t\t\t<div class=\"elementor-element elementor-element-14e4c35f elementor-widget elementor-widget-heading\" data-id=\"14e4c35f\" data-element_type=\"widget\" data-e-type=\"widget\" data-widget_type=\"heading.default\">\n\t\t\t\t<div class=\"elementor-widget-container\">\n\t\t\t\t\t<h6 class=\"elementor-heading-title elementor-size-default\">juha ajalin, toimitusjohtaja<\/h6>\t\t\t\t<\/div>\n\t\t\t\t<\/div>\n\t\t\t\t\t<\/div>\n\t\t<\/div>\n\t\t\t\t<div class=\"elementor-column elementor-col-50 elementor-top-column elementor-element elementor-element-18118f2\" data-id=\"18118f2\" data-element_type=\"column\" data-e-type=\"column\">\n\t\t\t<div class=\"elementor-widget-wrap\">\n\t\t\t\t\t\t\t<\/div>\n\t\t<\/div>\n\t\t\t\t\t<\/div>\n\t\t<\/section>\n\t\t\t\t<\/div>\n\t\t","protected":false},"excerpt":{"rendered":"<p>kotien ja toimitilojen luotettava rakentaja meid\u00e4n tarina Viimeistelty ammattity\u00f6, yhteisty\u00f6n taito ja aikataulujen kunnioitus ovat yrityksemme pitk\u00e4n tarinan paaluttajia. Vuodesta 1979 alkaen olemme rakentaneet uusia koteja kymmenille asiakkaillemme p\u00e4\u00e4kaupunkiseudulla. Olemme my\u00f6s remontoineet monia kymmeni\u00e4 koteja nykyvaatimuksia vastaaviksi ja uusille asukkailleen mieluisiksi. Tervetuloa tutustumaan n\u00e4ill\u00e4 sivuillamme viime vuosien aikana rakentamiimme koteihin ja toimitiloihin; t\u00e4\u00e4lt\u00e4 l\u00f6yd\u00e4t my\u00f6s [&hellip;]<\/p>\n","protected":false},"author":1,"featured_media":0,"parent":0,"menu_order":0,"comment_status":"closed","ping_status":"closed","template":"","meta":{"footnotes":""},"class_list":["post-15","page","type-page","status-publish","hentry"],"_links":{"self":[{"href":"https:\/\/rakennusajalin.fi\/index.php\/wp-json\/wp\/v2\/pages\/15","targetHints":{"allow":["GET"]}}],"collection":[{"href":"https:\/\/rakennusajalin.fi\/index.php\/wp-json\/wp\/v2\/pages"}],"about":[{"href":"https:\/\/rakennusajalin.fi\/index.php\/wp-json\/wp\/v2\/types\/page"}],"author":[{"embeddable":true,"href":"https:\/\/rakennusajalin.fi\/index.php\/wp-json\/wp\/v2\/users\/1"}],"replies":[{"embeddable":true,"href":"https:\/\/rakennusajalin.fi\/index.php\/wp-json\/wp\/v2\/comments?post=15"}],"version-history":[{"count":17,"href":"https:\/\/rakennusajalin.fi\/index.php\/wp-json\/wp\/v2\/pages\/15\/revisions"}],"predecessor-version":[{"id":170,"href":"https:\/\/rakennusajalin.fi\/index.php\/wp-json\/wp\/v2\/pages\/15\/revisions\/170"}],"wp:attachment":[{"href":"https:\/\/rakennusajalin.fi\/index.php\/wp-json\/wp\/v2\/media?parent=15"}],"curies":[{"name":"wp","href":"https:\/\/api.w.org\/{rel}","templated":true}]}}